en 626909 is divided by 2559.
2513
Calculate the remainder when 937649 is divided by 172.
77
Calculate the remainder when 74731 is divided by 18228.
1819
Calculate the remainder when 2294772 is divided by 1063.
818
What is the remainder when 25429 is divided by 1774?
593
What is the remainder when 4966654 is divided by 2411?
2405
Calculate the remainder when 1178097 is divided by 73628.
49
Calculate the remainder when 98670548 is divided by 129.
125
Calculate the remainder when 447481 is divided by 136.
41
Calculate the remainder when 132885 is divided by 1216.
341
What is the remainder when 1687542 is divided by 84372?
102
Calculate the remainder when 96305 is divided by 665.
545
What is the remainder when 127770 is divided by 5544?
258
Calculate the remainder when 109736 is divided by 7303.
191
What is the remainder when 201921 is divided by 71?
68
Calculate the remainder when 71341 is divided by 4686.
1051
What is the remainder when 5963458 is divided by 269?
266
What is the remainder when 1045548 is divided by 130685?
68
What is the remainder when 3383623 is divided by 5794?
5721
What is the remainder when 4916 is divided by 2580?
2336
What is the remainder when 969901 is divided by 294?
289
Calculate the remainder when 26212 is divided by 6552.
4
Calculate the remainder when 8852 is divided by 924.
536
What is the remainder when 853502 is divided by 41?
5
What is the remainder when 763451 is divided by 152678?
61
Calculate the remainder when 13417 is divided by 176.
41
Calculate the remainder when 353219 is divided by 117721.
56
Calculate the remainder when 2614577 is divided by 19958.
79
What is the remainder when 184999 is divided by 8368?
903
What is the remainder when 22382229 is divided by 35471?
28
Calculate the remainder when 13943818 is divided by 30.
28
What is the remainder when 1213050 is divided by 14975?
75
Calculate the remainder when 12900333 is divided by 159.
27
Calculate the remainder when 12394 is divided by 5689.
1016
What is the remainder when 421611 is divided by 1200?
411
What is the remainder when 3276002 is divided by 3275992?
10
What is the remainder when 39483518 is divided by 1267?
1264
What is the remainder when 148105 is divided by 49320?
145
What is the remainder when 50431 is divided by 5487?
1048
What is the remainder when 10536486 is divided by 1957?
1955
Calculate the remainder when 709599 is divided by 61.
47
Calculate the remainder when 2056809805 is divided by 5889.
5887
Calculate the remainder when 166909 is divided by 163668.
3241
Calculate the remainder when 7518516 is divided by 1253080.
36
Calculate the remainder when 1901945120 is divided by 649.
647
Calculate the remainder when 13290 is divided by 420.
270
What is the remainder when 930775 is divided by 103384?
319
Calculate the remainder when 18354254 is divided by 55.
39
Calculate the remainder when 82622 is divided by 6885.
2
What is the remainder when 455364791 is divided by 1814?
1813
Calculate the remainder when 827305177 is divided by 3262.
3261
What is the remainder when 69012 is divided by 2551?
135
What is the remainder when 30914935 is divided by 1535?
35
Calculate the remainder when 29009870 is divided by 14504914.
42
What is the remainder when 52400841 is divided by 361385?
16
What is the remainder when 183009 is divided by 84?
57
Calculate the remainder when 53008 is divided by 581.
137
What is the remainder when 5398655 is divided by 255?
50
Calculate the remainder when 493357 is divided by 70461.
130
Calculate the remainder when 35269924 is divided by 3308.
28
Calculate the remainder when 1654242 is divided by 137848.
66
What is the remainder when 34756167 is divided by 1360?
7
What is the remainder when 459067 is divided by 421?
177
Calculate the remainder when 108332439 is divided by 1209.
1203
What is the remainder when 151616341 is divided by 75808167?
7
What is the remainder when 753847 is divided by 234?
133
Calculate the remainder when 10938 is divided by 1997.
953
What is the remainder when 7731 is divided by 1627?
1223
What is the remainder when 6558113 is divided by 1499?
1487
What is the remainder when 41301431 is divided by 315278?
13
What is the remainder when 72617 is divided by 2347?
2207
Calculate the remainder when 82925198 is divided by 8.
6
Calculate the remainder when 163896 is divided by 1149.
738
What is the remainder when 4736336 is divided by 105251?
41
What is the remainder when 1931268 is divided by 41?
4
Calculate the remainder when 20246 is divided by 20198.
48
What is the remainder when 227085252 is divided by 5112?
5100
Calculate the remainder when 5214506 is divided by 1089.
374
What is the remainder when 285122 is divided by 225?
47
Calculate the remainder when 3519724 is divided by 497.
467
Calculate the remainder when 100307820 is divided by 83.
79
Calculate the remainder when 1790142 is divided by 127.
77
What is the remainder when 129034 is divided by 128714?
320
What is the remainder when 6860185 is divided by 203?
3
Calculate the remainder when 547539399 is divided by 8.
7
What is the remainder when 857066 is divided by 855410?
1656
What is the remainder when 604037 is divided by 1499?
1439
What is the remainder when 9027840 is divided by 9513?
3
What is the remainder when 441693 is divided by 110413?
41
Calculate the remainder when 18190 is divided by 1352.
614
What is the remainder when 892425 is divided by 148713?
147
Calculate the remainder when 34233 is divided by 878.
869
Calculate the remainder when 12004477 is divided by 1333828.
25
Calculate the remainder when 77215 is divided by 356.
319
What is the remainder when 65888303 is divided by 36?
23
What is the remainder when 1292422 is divided by 646194?
34
What is the remainder when 5953 is divided by 496?
1
Calculate the remainder when 1084095 is divided by 780.
675
Calculate the remainder when 30031656 is divided by 6976.
6952
Calculate the remainder when 238931 is divided by 3667.
576
What is the remainder when 5537482 is divided by 54289?
4
Calculate the remainder when 114385 is divided by 1955.
995
What is the remainder when 39822 is divided by 921?
219
What is the remainder when 22450 is divided by 6733?
2251
Calculate the remainder when 377381 is divided by 2407.
1889
Calculate the remainder when 18792415 is divided by 552717.
37
What is the remainder when 136249 is divided by 1529?
168
Calculate the remainder when 44222 is divided by 7365.
32
Calculate the remainder when 4398498 is divided by 82.
18
What is the remainder when 27164405 is divided by 27164397?
8
What is the remainder when 16254262 is divided by 1534?
1532
What is the remainder when 8218433 is divided by 15927?
101
Calculate the remainder when 373399 is divided by 13743.
2338
What is the remainder when 10812979 is divided by 3028?
3019
Calculate the remainder when 33704326 is divided by 7.
5
What is the remainder when 82757808 is divided by 82757794?
14
Calculate the remainder when 371980 is divided by 74348.
240
What is the remainder when 7705416 is divided by 564?
48
What is the remainder when 58850 is divided by 633?
614
What is the remainder when 3682843 is divided by 416?
411
Calculate the remainder when 134068 is divided by 133629.
439
Calculate the remainder when 34348494 is divided by 900.
894
Calculate the remainder when 11037141 is divided by 2329.
10
Calculate the remainder when 51692565 is divided by 1516.
1513
Calculate the remainder when 32699 is divided by 2539.
2231
What is the remainder when 83399683 is divided by 719?
716
Calculate the remainder when 220225 is divided by 2128.
1041
What is the remainder when 603183417 is divided by 717?
714
Calculate the remainder when 180280433 is divided by 2219.
2216
Calculate the remainder when 21581192 is divided by 42.
38
Calculate the remainder when 2162385 is divided by 20792.
17
Calculate the remainder when 147294 is divided by 370.
34
Calculate the remainder when 8418 is divided by 8080.
338
What is the remainder when 42184 is divided by 697?
364
Calculate the remainder when 573632 is divided by 114697.
147
What is the remainder when 556269 is divided by 19854?
357
Calculate the remainder when 903310 is divided by 301036.
202
Calculate the remainder when 1215695 is divided by 2057.
8
Calculate the 